value of -16 + -9 + -2 + 50?
23
(0 + 1 - (-1 + -1)) + (-87 - -93)
9
16 + -1 - ((8 - 4) + 0 - 0)
11
15 - (18 - (18 + -5))
10
Calculate 3 + -4 - (-1 + -9 - (-17 + 11)).
3
What is the value of -17 - (-29 + -19 + 45)?
-14
(-20 - -52 - 16) + 1 + (-1 - 1)
15
What is the value of 0 - -1 - 0 - (-10 + (-20 - -18))?
13
-1 + 14 + -30 + 19
2
Calculate 15 + -11 + 8 + -22.
-10
Calculate 40 + -34 + (-2 - (3 + -1 + -2)).
4
Evaluate 5 + -13 + 14 + (-7 - 4).
-5
What is the value of -10 - (-4 - (-5 + 5 + -7))?
-13
What is 5 - (6 - 20) - 24?
-5
What is the value of -5 + -10 - (-17 - -4)?
-2
(0 - -3 - 0) + -11 + 2 + 2
-4
What is -289 + 276 - (3 + 1)?
-17
What is the value of -20 - (0 - 19) - 3?
-4
Calculate -10 + (6 + -11 + 7 - -21).
13
Calculate -5 - (21 + -27 + 3 + -3).
1
5 + 4 - (5 + 0 + -2 + -26)
32
What is the value of -14 + 0 + (5 - -17)?
8
-42 - (-35 - (17 + -2))
8
What is the value of -25 + (17 - (7 - -5))?
-20
-2019 - -2022 - (0 + 25 + (-1 - -2))
-23
15 - (8 - (-2 + 0 + 5 + 8))
18
Evaluate -2 + (-9 - 1) - (870 - 909).
27
What is -14 + 8 + (4 - 16 - -4)?
-14
What is -17 + 1 + (87 - 56)?
15
What is -20 + (-8 - -1) + (-31 - -37)?
-21
Calculate 11 + -3 + -7 + 10 + -6.
5
Evaluate 9 + -47 + (4 - -5) + 13.
-16
857 - 861 - (-2 + 4 + 1)
-7
Calculate -14 - (-40 - (-55 - 2)).
-31
Calculate 269 - 284 - (-22 - 2).
9
Calculate 19 - ((36 - 51) + 7).
27
What is the value of 2 + 3 + (-15 - -6 - (-2 - -2))?
-4
What is 0 + 12 + -3 + 1 + -11 + 24?
23
What is the value of (1 - -12 - -7) + -15?
5
-10 - (-26 + 11) - 17
-12
Calculate -1 - 22 - -14 - -11.
2
What is the value of -68 - -78 - (1 - 8)?
17
2 + -29 - (-12 - (6 + -8))
-17
Evaluate 13 - (0 - (-25 - -10)).
-2
What is the value of (11 - -1) + -2 + -9?
1
Evaluate -15 - (14 + 0 + -18).
-11
What is 2 - (-2 + -3) - (-2 + 13)?
-4
Evaluate (20 - 19 - 22) + 33.
12
Evaluate (-20 - (-27 + 4)) + -4.
-1
Calculate -40 - (-1 - -3 - (-179 + 189)).
-32
Calculate -7 + (8 - 5) + 16 + -2.
10
Evaluate (-26 - 5) + 206 + -144.
31
Calculate -10 + (0 - 1 - (-33 + 39)).
-17
Evaluate 0 + 13 + 3 + (25 - 14) + -15.
12
75 + -52 + -38 + -2
-17
Evaluate -2 - (-64 + 60 + 14 + 3 + 2).
-17
1 + 3 + (43 - 54) - -10
3
Calculate (30 - 9 - 9) + -9.
3
What is -33 - (-2 - (12 + -4))?
-23
What is the value of (0 - -9) + (13 - 40) + 2?
-16
Evaluate 14 + 1 + (25 - (-6 + 39)).
7
(-23 - -25) + (-5 - -1) + (-8 - -7)
-3
-4 + -1 - (47 - 64) - -2
14
What is the value of (-4 - (3 + -3)) + -9 + (16 - -6)?
9
12 - (-6 - -1) - (3 + 3)
11
Calculate -4 + (-1 + 13 + 0 - (1 - 4)).
11
Evaluate -21 + (-4 - 2) + 18.
-9
What is the value of 3 + 4 + (-12 - -14) + 0?
9
Calculate (-17 - (29 - 58)) + (15 - (-1 + 1)).
27
What is (-200 - -216) + (7 - 0)?
23
What is -7 + (-29 - -40) + (-16 - 0)?
-12
-24 + 3 + 23 + 12
14
Calculate (77 - 65) + (-2 - 0 - (3 + -7)).
14
Calculate (85 - 46 - 62) + 10.
-13
What is 1 + 3 - (137 + -124)?
-9
(2 - (5 + -19)) + -24
-8
Calculate 30 + -12 + 17 + -30.
5
Calculate 2 - (-26 - -8) - -18.
38
Calculate (-37 - -19) + 7 - -2.
-9
What is the value of -1 + (5 - (-4 + -3 + 14))?
-3
(-11 + 4 - (-52 + 37)) + -9
-1
What is the value of 25 - (-2 + 20 + 0)?
7
What is (-19 - -4 - -15) + -1 + -5?
-6
What is the value of (19 - (2 - -10 - 21) - 2) + 0?
26
10 + -1 + 12 + -16
5
What is -1 + (9 - 7 - 5 - 0)?
-4
What is -48 - (-2 + -30 + 3)?
-19
7 + -4 + (-1 - -5) + (-16 - -14)
5
Calculate 13 + 2 + -20 + 12 + 14.
21
50 + -33 - (-2 - -18)
1
Calculate (2 - -9 - 12) + 3 - 2.
0
What is -6 + (-2 + 9 + 1 - 0)?
2
Calculate -3 - (-4 + -13 + 2) - 5.
7
Evaluate -8 + (2 - 5 - (-99 + 90)).
-2
Evaluate -13 + 14 - -12 - (-4 + 1).
16
(-11 + (-5 - -14) - (4 + -7)) + 11
12
Calculate -26 - (-50 + 21) - (11 - 1).
-7
17 + 11 + -68 - -31
-9
Calculate 4 + -10 - (-298 - -273).
19
-33 - -33 - (0 + -3) - 0
3
Evaluate 43 + -27 + -29 - -2.
-11
What is the value of (-18 - (-8 - -10)) + 5 + 5?
-10
Calculate 3 + -1 + -3 + -8 + 13.
4
19 + (2 - 0 - -2) + -37 + 31
17
-1 - 0 - -1 - (-30 + (1 - -20))
9
Evaluate 1 - (5 + -6) - 14.
-12
What is the value of -10 + (12 + -15 - -3) - -16?
6
(-7 - -3) + (-12 - -8) + -2
-10
What is the value of 8 + (-4 - (3 + 3 + -2 + -13))?
13
What is 1 - (-16 + 10) - -8?
15
Calculate 4 + -13 + 11 - -10.
12
What is the value of 8 - ((2 - -9 - 5) + -1 + 17)?
-14
What is the value of 8 + (2 - -21 - (-4 - -1)) + 5?
39
What is 4 - 7 - (-5 - -13 - 5) - -2?
-4
What is the value of 12 + 13 + (-25 - -18) + 7?
25
Evaluate -28 + 28 - (13 - 1).
-12
Calculate -10 - ((7 + -13 - (2 - 8)) + 7).
-17
(-9 - 29) + 35 - -17
14
-4 - 1 - (-1 - (-8 + 8) - -2)
-6
-33 + -8 + 31 - 4
-14
What is -20 + (-6 + 1 - (19 + -32))?
-12
Calculate 3 + -3 - (32 + -18 + -25).
11
What is the value of (-5 - (8 + -8)) + (-2 + 2 - 5)?
-10
(-24 - -3 - -3) + 27
9
(6 - 8) + -14 + 3 + 3 + 9
-1
What is the value of -2 + -13 + (5 - (-10 - (2 + -15)))?
-13
What is the value of 14 + (8 + -8 - 24)?
-10
Calculate 875 - 918 - (-2 - 36).
-5
Evaluate -3 - -11 - (15 + 0) - -4.
-3
Evaluate (-11 - (-6 - 2) - -7) + 1.
5
Calculate -4 + 0 + -4 - -3.
-5
(-2 - (3 + (-6 - -16) + -7)) + -1
-9
What is 10 + -19 + -1 + 4 + 14?
8
Evaluate 461 + -466 - (2 - -7).
-14
45 + -56 + -1 + 16
4
What is the value of (0 - 12) + (-9 - (-16 + -3)) - 21?
-23
Calculate -129 - -141 - (9 + 0).
3
-4 + 11 + -1 + 1 + -3
4
19 + -21 - (-3 - -2 - (3 - -1))
3
What is 1 + 5 + -26 + 3 + (6 - 1)?
-12
Calculate -14 + (-15 - -1) + 44.
16
Calculate (38 - (-2 - -13)) + -12 - 9.
6
Evaluate 39 - 6 - (3 - -2) - 8.
20
What is 15 + (-23 - -8) + -6?
-6
What is the value of 6 + ((-3 - 2) + -3 - 11)?
-13
What is 1 + (-2 + -20 - -11) - -22?
12
Evaluate -13 + 0 - (-3 - 4).
-6
Evaluate 40 - (86 + -23 - 29).
6
Evaluate -35 - (18 + -44) - (-1 + -3).
-5
What is (3 - 4) + 7 + -3 + -7?
-4
What is 20 + (-39 - -25) + 1 + 16 - -1?
24
What is the value of 15 + 50 + -71 + 35 + 1?
30
What is the value of 3 - (-4 - (5 - 4) - 3)?
11
Calculate 0 + (-10 - (-3 - -6)) - -6.
-7
What is the value of -4 + (-2 + 6 - (-2 - 3 - -1))?
4
What is the value of (22 + -8 - 4) + 2?
12
Evaluate -9 + 15 - (-41 + (10 - -11)).
26
Calculate 17 + -12 + (18 - 24).
-1
What is 1 + ((-2 - 9) + 8 - -10)?
8
1 - (12 - (-7 - (-14 - -8)))
-12
What is the value of -1 - (-27 - -12 - -5)?
9
Evaluate 6 - (-5 - (5 - 14 - 26) - -5).
-29
Evaluate -2 + 2 + (0 - 6) + 7.
1
Calculate -2 + 3 + -21 - (16 - -1 - 21).
-16
Evaluate -16 - (-17 + 17 + -14 + 15).
-17
Evaluate (15 - (-17 + -18 + 68)) + -15.
-33
Calculate 15 + (-11 - 4) + 4.
4
Calculate 0 + -6 + 21 + 0 + -15.
0
What is (-8 - (-14 + 6 + 1)) + 0?
-1
What is the value of (1 - 5 - 17) + (58 - 48)?
-11
7 - (-3 + -8) - 10
8
What is the value of -2 - (3 - -1 - (39 + -32))?
1
What is 11 + (14 - 26) + 0 - (-9 + 1)?
7
What is 26 + -12 - 11 - (-1 - (2 + -13))?
-7
Calculate 41 - (-1 + 38) - -37.
41
447 - 459 - (-8 + (0 - 0))
-4
What is the value of (-4 - -1 - -1) + -4 + 11?
5
What is the value of -9 - (-19 - -1 - (12 + 11 + -18))?
14
-9 - -1 - (-490 + 482 + (-7 - 0))
7
What is the value of 0 - (-9 + 16 + -3 + 7)?
-11
-10 + (24 - (9 + -4)) + 8
17
Evaluate -9 + 6 + 29 - 2 - (-5 + 1).
28
What is the value of 28 - 19 - (-7 + (-3 - -7))?
12
What is (0 - 8 - (-67 + 61)) + 0?
-2
Calculate 38 + -10 + 8 - -13 - 17.
32
What is 11 - (-4 - 2 - -12) - 7?
-2
Evaluate -17 + 1 + (-48 - (51 + -83)).
-32
Evaluate 11 + (-7 - (12 + -10 + 3)).
-1
Calculate 1005 + -966 + (0 - 25).
14
Evaluate 3 + 4 - (-2 + 0 + 3).
6
What is -24 + (109 - (0 + 45))?
40
What is 2 + 2 + 3 + (-2 - (-7 - -3))?
9
Evaluate -1 + 0 + 20 - (-5 - (7 + -19)).
12
What is the value of -17 - (-17 - (-34 + -13 - -13))?
-34
What is the value of -1 - -5 - (-3 + -13 + -40 + 46)?
14
What is 26 + -17 - (10 + 16)?
-17
What is the value of -4 + 43 - 17 - 23?
-1
(-37 - -24) + (23 - 26)
-16
What is the value of 3 + -10 - (74 + -74)?
-7
What is 2 - (-6 + (44 - 14))?
-22
Calculate -9 - (-29 - (17 + -25)).
12
-14 + (8 - -15) - 10
-1
What is the value of (5 + 0 - ((5 - 11) + 13)) + -2?
-4
What is (13 - (-5 - 8 - -17)) + 5?
14
-3 + 27 + -13 + 15
26
Calculate -4 + 2 + 1 + (13 - -28 - 37).
3
What is -2 - (1 + (2 - 1) - 5 - 1)?
2
What is the value of 39 - 38 - (4 + -14)?
11
What is -22 - -61 - 24 - (4 + 12)?
-1
Calculate 3 + 0 + (-26 - -38).
15
Evaluate 1 + (-26 - (25 + -14)) + 13.
-23
Evaluate 561 + -538 + (3 - 2) + -2.
22
-1 - -5 - 3 - (10 - 7 - 11)
9
What is the value 